ts digit of 3479?
9
What is the tens digit of 9423?
2
What is the units digit of 8092?
2
What is the hundreds digit of 7693?
6
What is the thousands digit of 29273?
9
What is the thousands digit of 1809?
1
What is the hundreds digit of 366?
3
What is the hundreds digit of 997?
9
What is the hundreds digit of 26717?
7
What is the hundreds digit of 776?
7
What is the thousands digit of 2769?
2
What is the units digit of 83128?
8
What is the thousands digit of 3052?
3
What is the hundreds digit of 31397?
3
What is the units digit of 112?
2
What is the hundreds digit of 323?
3
What is the tens digit of 4039?
3
What is the thousands digit of 3130?
3
What is the units digit of 8083?
3
What is the thousands digit of 41496?
1
What is the units digit of 3602?
2
What is the hundreds digit of 141647?
6
What is the thousands digit of 8304?
8
What is the units digit of 1424?
4
What is the thousands digit of 3339?
3
What is the tens digit of 28502?
0
What is the ten thousands digit of 24499?
2
What is the tens digit of 805?
0
What is the thousands digit of 1299?
1
What is the hundreds digit of 33075?
0
What is the thousands digit of 3713?
3
What is the units digit of 2142?
2
What is the thousands digit of 73734?
3
What is the tens digit of 3423?
2
What is the thousands digit of 2115?
2
What is the tens digit of 62141?
4
What is the units digit of 668?
8
What is the tens digit of 7122?
2
What is the tens digit of 5277?
7
What is the thousands digit of 9864?
9
What is the thousands digit of 10259?
0
What is the thousands digit of 9028?
9
What is the units digit of 5550?
0
What is the units digit of 777?
7
What is the ten thousands digit of 44745?
4
What is the thousands digit of 45810?
5
What is the hundreds digit of 26245?
2
What is the hundreds digit of 691?
6
What is the thousands digit of 81556?
1
What is the hundreds digit of 27908?
9
What is the tens digit of 110?
1
What is the units digit of 4023?
3
What is the hundreds digit of 27890?
8
What is the units digit of 3615?
5
What is the units digit of 2071?
1
What is the units digit of 452?
2
What is the thousands digit of 10689?
0
What is the thousands digit of 4104?
4
What is the tens digit of 1384?
8
What is the units digit of 27922?
2
What is the ten thousands digit of 10456?
1
What is the units digit of 21295?
5
What is the thousands digit of 33027?
3
What is the units digit of 22472?
2
What is the tens digit of 13805?
0
What is the units digit of 16250?
0
What is the thousands digit of 2757?
2
What is the ten thousands digit of 65251?
6
What is the hundreds digit of 61570?
5
What is the units digit of 54083?
3
What is the tens digit of 1091?
9
What is the tens digit of 10184?
8
What is the units digit of 5748?
8
What is the hundreds digit of 5023?
0
What is the tens digit of 15939?
3
What is the hundreds digit of 547?
5
What is the tens digit of 2084?
8
What is the hundreds digit of 1078?
0
What is the ten thousands digit of 69793?
6
What is the thousands digit of 29409?
9
What is the units digit of 345?
5
What is the units digit of 660?
0
What is the thousands digit of 55520?
5
What is the thousands digit of 1455?
1
What is the thousands digit of 63113?
3
What is the tens digit of 5552?
5
What is the tens digit of 786?
8
What is the units digit of 2113?
3
What is the units digit of 3310?
0
What is the units digit of 811?
1
What is the hundreds digit of 1123?
1
What is the hundreds digit of 1976?
9
What is the tens digit of 16185?
8
What is the ten thousands digit of 18076?
1
What is the tens digit of 920?
2
What is the units digit of 13971?
1
What is the units digit of 58875?
5
What is the tens digit of 3413?
1
What is the ten thousands digit of 86344?
8
What is the units digit of 6108?
8
What is the hundreds digit of 8348?
3
What is the hundreds digit of 27220?
2
What is the tens digit of 31034?
3
What is the units digit of 2639?
9
What is the units digit of 339?
9
What is the ten thousands digit of 60074?
6
What is the hundreds digit of 26060?
0
What is the units digit of 5601?
1
What is the units digit of 2443?
3
What is the units digit of 16111?
1
What is the tens digit of 14131?
3
What is the units digit of 94175?
5
What is the tens digit of 2436?
3
What is the tens digit of 961?
6
What is the tens digit of 1138?
3
What is the thousands digit of 4608?
4
What is the thousands digit of 34000?
4
What is the tens digit of 1452?
5
What is the units digit of 843?
3
What is the hundreds digit of 1218?
2
What is the tens digit of 1125?
2
What is the hundreds digit of 18864?
8
What is the hundreds digit of 8139?
1
What is the hundreds digit of 801?
8
What is the hundreds digit of 42838?
8
What is the units digit of 147?
7
What is the hundreds digit of 952?
9
What is the tens digit of 8381?
8
What is the tens digit of 1348?
4
What is the tens digit of 49350?
5
What is the thousands digit of 2065?
2
What is the thousands digit of 199252?
9
What is the hundreds digit of 8079?
0
What is the tens digit of 53?
5
What is the hundreds digit of 9261?
2
What is the units digit of 122753?
3
What is the tens digit of 5483?
8
What is the thousands digit of 3306?
3
What is the tens digit of 1271?
7
What is the thousands digit of 3108?
3
What is the tens digit of 51732?
3
What is the units digit of 510?
0
What is the hundreds digit of 452?
4
What is the units digit of 62100?
0
What is the hundreds digit of 768?
7
What is the units digit of 688?
8
What is the hundreds digit of 2014?
0
What is the tens digit of 362?
6
What is the hundreds digit of 62358?
3
What is the units digit of 107?
7
What is the hundreds digit of 1877?
8
What is the units digit of 1029?
9
What is the units digit of 666?
6
What is the hundred thousands digit of 111041?
1
What is the thousands digit of 17219?
7
What is the tens digit of 501?
0
What is the units digit of 1437?
7
What is the hundreds digit of 89060?
0
What is the units digit of 98181?
1
What is the hundreds digit of 537?
5
What is the units digit of 26050?
0
What is the hundreds digit of 20116?
1
What is the hundreds digit of 46438?
4
What is the hundreds digit of 2049?
0
What is the units digit of 14?
4
What is the hundreds digit of 29701?
7
What is the ten thousands digit of 55573?
5
What is the tens digit of 49?
4
What is the hundreds digit of 1014?
0
What is the thousands digit of 31620?
1
What is the units digit of 2648?
8
What is the units digit of 350?
0
What is the tens digit of 505?
0
What is the units digit of 976?
6
What is the hundreds digit of 816?
8
What is the hundreds digit of 1274?
2
What is the units digit of 36724?
4
What is the units digit of 57347?
7
What is the hundreds digit of 6368?
3
What is the tens digit of 828?
2
What is the units digit of 29824?
4
What is the thousands digit of 9834?
9
What is the hundreds digit of 249?
2
What is the thousands digit of 1132?
1
What is the hundreds digit of 35836?
8
What is the tens digit of 9098?
9
What is the hundreds digit of 573?
5
What is the tens digit of 110?
1
What is the hundreds digit of 4780?
7
What is the thousands digit of 4241?
4
What is the units digit of 14215?
5
What is the hundreds digit of 77623?
6
What is the hundreds digit of 9261?
2
What is the tens digit of 489?
8
What is the hundreds digit of 365?
3
What is the thousands digit of 4506?
4
What is the tens digit of 2965?
6
What is the hundreds digit of 2822?
8
What is the hundreds digit of 7889?
8
What is the units digit of 111?
1
What is the hundreds digit of 909?
9
What is the hundreds digit of 35384?
3
What is the units digit of 893?
3
What is the thousands digit of 68707?
8
What is the hundreds digit of 8296?
2
What is the thousands digit of 8975?
8
What is the tens digit of 208?
0
What is the hundreds digit of 5116?
1
What is the thousands digit of 1800?
1
What is the hundreds digit of 6224?
2
What is the units digit of 108007?
7
What is the thousands digit of 2122?
2
What is the tens digit of 4501?
0
What is the tens digit of 2860?
6
What is the units digit of 41905?
5
What is the units digit of 528?
8
What is the thousands digit of 5764?
5
What is the tens digit of 808?
0
What is the thousands digit of 28442?
8
What is the units digit of 460?
0
What is the units digit of 3728?
8
What is the units digit of 692?
2
What is the thousands digit